{"id":255,"date":"2009-02-02T11:23:31","date_gmt":"2009-02-02T08:23:31","guid":{"rendered":"https:\/\/websites.fraunhofer.de\/ipcity2024\/?page_id=255"},"modified":"2010-03-01T12:38:02","modified_gmt":"2010-03-01T09:38:02","slug":"2009","status":"publish","type":"page","link":"https:\/\/ipcity.eu\/?page_id=255","title":{"rendered":"2009"},"content":{"rendered":"<p><strong>Book chapters<\/strong><\/p>\n<p>Jacucci, G., Peltonen, P., Morrison, A., Salovaara, A.,Kurvinen, E., &amp; Oulasvirta, A. Ubiquitous media for collocated interaction. In Willis, K. (Ed.), Shared Encounters. Springer Series on CSCW.<\/p>\n<p>McCall, R., Augmented Technologies. In Presence for Everyone (2009). Benyon, D., Smyth, M., and Helgason, I.(eds). Napier University. ISBN. 978-8-956169-9-8. p 53-56<\/p>\n<p><strong>Journal articles<\/strong><\/p>\n<p>Wagner, I., Broll, W., Jacucci, G., Kuutti, K., McCall, R., Morrison, A., Schmalstieg, D., Terrin, J-J. (2009). On the Role of Presence in Mixed Reality, PRESENCE special issue from RAVE&#8217;09, MIT Press. Accepted for Publication.<\/p>\n<p>Basile M., Terrin JJ. (2009) Le projet IP City. Une recherche sur la place des technologies de r\u00e9alit\u00e9 mixte dans les repr\u00e9sentations du projet urbain. In : Flux (Oct-Dec 2009)<\/p>\n<p>Basile M., Ozdirlik B., Terrin JJ. (2009) Urban Projects and Multi-actor collaboration processes using mixed reality technologies. In : International Symposium on revitalising built environments: requalifying old places for new uses.<\/p>\n<p>McCall,, R. (2009) Interacting in Urban Environments. Perada Magazine.<\/p>\n<p><strong>Conference papers<\/strong><\/p>\n<p>Halttunen V., Juustila A., Nuojua, J. Technologies to support communication between citizens and designers in participatory urban planning process. Proceedings of the colloquium \u2018Communicating (by) Design\u2019 at Sint-Lucas Brussels, Belgium, April 15 &#8211; 17, 2009. 559 &#8211; 568.<\/p>\n<p>Ylirisku S., Halttunen V., Nuojua J., Juustila, A. Framing Design in the Third Paradigm. Proceeding of the 27th CHI conference on Human Factors in Computing Systems, Boston, Massachusetts, USA, April 4 &#8211; 9, 2009. 1131 &#8211; 1140.<\/p>\n<p>Morrison, A., Oulasvirta, A., Peltonen, P., Lemmela, S., Jacucci, G., Reitmayr, G., Nasanen, J., and Juustila, A. (2009). Like bees around the hive: a comparative study of a mobile augmented reality map. In Proceedings of the 27th international Conference on Human Factors in Computing Systems (CHI &#8217;09) pp. 1889-1898.<\/p>\n<p>Broll W., and Herling J. Supporting Reusability of VR and AR Interface Elements and Interaction Techniques. In Proceedings of Virtual and Mixed Reality, Third International Conference, VMR 2009, Held as Part of HCI International 2009 (San Diego, CA, USA, July 19-24, 2009), HCI (13), Lecture Notes in Computer Science, Vol. 5622\/2009, Spinger 2009, Pages 145-153<\/p>\n<p>Weiland, C., Braun, A., and Heiden, W. Colorimetric and Photometric Compensation for optical see-through displays. In Proceedings of Virtual and Mixed Reality, Third International Conference, VMR 2009, Held as Part of HCI International 2009 (San Diego, CA, USA, July 19-24, 2009), HCI (13), Lecture Notes in Computer Science, Vol. 5622\/2009, Spinger 2009<\/p>\n<p>Boerner A., Maquil V. (2009) Enhancing synergies between computer science and urban disciplines: Semi-automated applications for tangible user interfaces, a case study. In: CAAD futures 2009.<\/p>\n<p>Maquil V, Sareika M, Schmalstieg D., Wagner I. (2009) MR Tent: A Place for Co-Constructing Mixed Realities in Urban Planning. GI 2009.<\/p>\n<p>Ozdirlik B., Vardouli S. (2009) Developing Mixed Reality Technologies for Urban Environments: communication bridges. In: Transilient Boundaries In\/Of Architecture_Conference<\/p>\n<p>Wagner I., Basile M., Ehrenstrasser L., Maquil V., Terrin J., Wagner M. (2009) Supporting the Formation of Communities of Practice: Urban Planning in the MR-Tent. In: C&amp;T 2009.<\/p>\n<p>Nguyen, G.P.; Andersen, H.J.; , &#8220;Context-Based Adaptive Filtering of  Interest Points in Image Retrieval,&#8221; <em>Intelligent Systems Design and  Applications, 2009. ISDA &#8217;09. Ninth International Conference on<\/em> ,  vol., no., pp.529-534, Nov. 30 2009-Dec. 2 2009<\/p>\n<p><strong>Workshop Organisers<br \/>\n<\/strong><\/p>\n<p><span lang=\"EN-US\">Co-organised with Steven C   Seow, Microsoft Corporation, Dennis Wixon, Microsoft Corporation, Giulio   Jacucci, HIIT, Ann Morrison, HIIT, Scott MacKenzie, York University<\/span><span lang=\"EN-US\">: Multitouch   and Surface Computing Workshop CHI 2009.<\/span><\/p>\n<p><!--EndFragment--><\/p>\n","protected":false},"excerpt":{"rendered":"<p>Book chapters Jacucci, G., Peltonen, P., Morrison, A., Salovaara, A.,Kurvinen, E., &amp; Oulasvirta, A. Ubiquitous media for collocated interaction. In Willis, K. (Ed.), Shared Encounters. Springer Series on CSCW. McCall, R., Augmented Technologies. In Presence for Everyone (2009). Benyon, D., Smyth, M., and Helgason, I.(eds). Napier University. ISBN. 978-8-956169-9-8. p 53-56 Journal articles Wagner, I., [&hellip;]<\/p>\n","protected":false},"author":3,"featured_media":0,"parent":13,"menu_order":9,"comment_status":"closed","ping_status":"closed","template":"","meta":{"footnotes":""},"class_list":["post-255","page","type-page","status-publish","hentry"],"_links":{"self":[{"href":"https:\/\/ipcity.eu\/index.php?rest_route=\/wp\/v2\/pages\/255"}],"collection":[{"href":"https:\/\/ipcity.eu\/index.php?rest_route=\/wp\/v2\/pages"}],"about":[{"href":"https:\/\/ipcity.eu\/index.php?rest_route=\/wp\/v2\/types\/page"}],"author":[{"embeddable":true,"href":"https:\/\/ipcity.eu\/index.php?rest_route=\/wp\/v2\/users\/3"}],"replies":[{"embeddable":true,"href":"https:\/\/ipcity.eu\/index.php?rest_route=%2Fwp%2Fv2%2Fcomments&post=255"}],"version-history":[{"count":0,"href":"https:\/\/ipcity.eu\/index.php?rest_route=\/wp\/v2\/pages\/255\/revisions"}],"up":[{"embeddable":true,"href":"https:\/\/ipcity.eu\/index.php?rest_route=\/wp\/v2\/pages\/13"}],"wp:attachment":[{"href":"https:\/\/ipcity.eu\/index.php?rest_route=%2Fwp%2Fv2%2Fmedia&parent=255"}],"curies":[{"name":"wp","href":"https:\/\/api.w.org\/{rel}","templated":true}]}}