{"id":249,"date":"2008-10-10T11:03:37","date_gmt":"2008-10-10T08:03:37","guid":{"rendered":"https:\/\/websites.fraunhofer.de\/ipcity2024\/?page_id=249"},"modified":"2010-01-27T19:09:34","modified_gmt":"2010-01-27T16:09:34","slug":"partners","status":"publish","type":"page","link":"https:\/\/ipcity.eu\/?page_id=249","title":{"rendered":"La Ville europ\u00e9enne des Sciences"},"content":{"rendered":"<p><strong>Le projet IPCity <\/strong><\/p>\n<p>Le projet IPCity (<a href=\"https:\/\/ipcity.eu\/\">www.ipcity.eu<\/a>) consiste \u00e0 explorer les conditions dans lesquelles les techniques de r\u00e9alit\u00e9 mixte peuvent s\u2019inscrire dans des environnements urbains. Un des aspects de la mise en \u0153uvre de ces techniques est de faciliter la participation et la communication entre les acteurs d\u2019un m\u00eame projet ou d\u2019un m\u00eame \u00e9v\u00e8nement : \u00e9lus, citoyens habitants, riverains, dans le cas d\u2019un projet urbain ; spectateurs dans le cas d\u2019un \u00e9v\u00e8nement sportif ou culturel. Le principe d\u2019IPCity est d\u2019offrir \u00e0 ces acteurs, qu\u2019ils soient n\u00e9ophytes ou professionnels, un ensemble de technologies leur permettant d\u2019observer collectivement l\u2019avenir de leur ville, de d\u00e9battre ensemble de futurs d\u00e9veloppements, de d\u00e9couvrir le pass\u00e9 et le futur de leur cit\u00e9. Plus sp\u00e9cifiquement, ce projet consiste dans un premier temps \u00e0 identifier et sp\u00e9cifier des prototypes de laboratoire, et \u00e0 les interroger dans leur capacit\u00e9 \u00e0 repr\u00e9senter une situation urbaine en action. Il permet ensuite de v\u00e9rifier leur pertinence au travers de plusieurs exp\u00e9riences men\u00e9es notamment dans le cadre de projets urbains ou manifestations.<\/p>\n<p>Pour remplir cet objectif, le projet est organis\u00e9 en deux parties : d\u2019une part le d\u00e9veloppement scientifique et technique de prototypes et d\u2019autre part l\u2019organisation de quatre domaines d\u2019exp\u00e9rimentation qui permettent d\u2019\u00e9tudier ces technologies en situation r\u00e9elle. Ces domaines d\u2019exp\u00e9rimentation sont les suivants : l\u2019urbanisme participatif, la prise de conscience des enjeux environnementaux, l\u2019exploration \u00e9ducationnelle des villes \u00e0 travers les jeux, et l\u2019histoire des villes. Ces exp\u00e9rimentations sont men\u00e9es dans diff\u00e9rentes villes europ\u00e9ennes : Paris, Vienne, Helsinki et Cologne. Dans le domaine de l\u2019urbanisme participatif, plusieurs ateliers ont \u00e9t\u00e9 organis\u00e9s \u00e0 Paris : dans l\u2019enceinte de l\u2019h\u00f4pital Sainte-Anne en 2006 et 2007, autour du Tribunal de Grande Instance (TGI) de Paris en 2007, et dans la ville nouvelle de Cergy Pontoise (en cours pour septembre 2008).<\/p>\n<p>Le projet IP City explore et d\u00e9veloppe des environnements technologiques portables, mobiles et l\u00e9gers. L\u2019objectif est de faire sortir les technologies de r\u00e9alit\u00e9 mixte des laboratoires et des bureaux d\u2019\u00e9tude dans lesquels ils sont actuellement d\u00e9velopp\u00e9s et utilis\u00e9s pour les rapprocher de la production de la vie quotidienne. Lors des phases d\u2019exp\u00e9rimentation en situation r\u00e9elle, cette approche implique des observations et des \u00e9valuations de type ethnographique, au croisement de disciplines telles que les sciences cognitives, la socio-psychologie et l\u2019anthropologie culturelle.<\/p>\n<p>Actuellement, la \u00ab bo\u00eete \u00e0 outils \u00bb d\u2019IPCity est compos\u00e9e des prototypes suivants :<\/p>\n<p>La Tente MR (r\u00e9alit\u00e9 mixte) est un laboratoire mobile d\u2019urbanisme qui peut \u00eatre install\u00e9 sur un site en cours d\u2019\u00e9tude et dans lequel des sc\u00e8nes r\u00e9elles de la ville\u00a0 peuvent \u00eatre \u00ab augment\u00e9es \u00bb par des images num\u00e9riques qui permettent aux diff\u00e9rents acteurs d\u2019un projet urbain de visualiser ce dernier en situation r\u00e9elle et ainsi de d\u00e9battre et d\u2019agir sur certaines de ses composantes.<\/p>\n<p><a href=\"https:\/\/ipcity.eu\/wp-content\/uploads\/2008\/10\/tent.png\"><img loading=\"lazy\" decoding=\"async\" class=\"alignnone size-medium wp-image-250\" title=\"tent\" src=\"https:\/\/ipcity.eu\/wp-content\/uploads\/2008\/10\/tent-300x180.png\" alt=\"\" width=\"300\" height=\"180\" srcset=\"https:\/\/ipcity.eu\/wp-content\/uploads\/2008\/10\/tent-300x180.png 300w, https:\/\/ipcity.eu\/wp-content\/uploads\/2008\/10\/tent.png 355w\" sizes=\"(max-width: 300px) 100vw, 300px\" \/><\/a><\/p>\n<p>La Tente MR abrite plusieurs technologies de R\u00e9alit\u00e9 Mixte :<\/p>\n<ol>\n<li>La Table de couleurs est une table num\u00e9rique multi-utilisateurs qui permet \u00e0 des urbanistes et \u00e0 leurs interlocuteurs d\u2019observer ensemble les changements g\u00e9n\u00e9r\u00e9s par un projet urbain. Elle permet \u00e0 ses utilisateurs d\u2019int\u00e9grer des \u00e9l\u00e9ments virtuels g\u00e9n\u00e9r\u00e9s par ordinateur dans un environnement r\u00e9el, par projection sur un \u00e9cran transparent, sur une s\u00e9quence vid\u00e9o, ou sur une projection photographique de type panoramique, et de les manipuler en temps r\u00e9el. La manipulation de ces \u00e9l\u00e9ments virtuels se fait sur un plan du site du projet pos\u00e9 sur une table num\u00e9rique, gr\u00e2ce \u00e0 des disques de couleur auxquels sont associ\u00e9s les objets du projet : \u00e9difices, infrastructures, personnages, v\u00e9g\u00e9tation, etc.. L\u2019\u00e9chelle, les couleurs, les textures, le degr\u00e9 de transparence et la position par rapport au sol de ces objets peuvent \u00eatre modifi\u00e9s par les utilisateurs. Des sons peuvent \u00e9galement leur \u00eatre associ\u00e9s, leur volume pouvant \u00eatre modul\u00e9.\u00a0<br \/> <a href=\"https:\/\/ipcity.eu\/wp-content\/uploads\/2008\/10\/tent-4.png\"><img loading=\"lazy\" decoding=\"async\" class=\"alignnone size-medium wp-image-253\" title=\"tent-4\" src=\"https:\/\/ipcity.eu\/wp-content\/uploads\/2008\/10\/tent-4-300x199.png\" alt=\"\" width=\"300\" height=\"199\" srcset=\"https:\/\/ipcity.eu\/wp-content\/uploads\/2008\/10\/tent-4-300x199.png 300w, https:\/\/ipcity.eu\/wp-content\/uploads\/2008\/10\/tent-4.png 362w\" sizes=\"(max-width: 300px) 100vw, 300px\" \/><\/a><\/li>\n<li>La Table de couleurs peut \u00eatre utilis\u00e9e de fa\u00e7on compl\u00e9mentaire avec l\u2019<a href=\"http:\/\/studierstube.icg.tu-graz.ac.at\/ipcity\/sketcher.php\">Urban Sketcher<\/a>, une application de r\u00e9alit\u00e9 mixe con\u00e7ue pour faciliter la communication entre les acteurs d\u2019un projet urbain. L\u2019Urban Sketcher associe \u00e0 la prise vid\u00e9o d\u2019une sc\u00e8ne r\u00e9elle plusieurs couches d\u2019informations virtuelles pouvant \u00eatre \u00e9labor\u00e9es en commun par ses utilisateurs. Ceux-ci peuvent ins\u00e9rer des objets dans la sc\u00e8ne\u00a0 et les manipuler en changeant leur taille et leur degr\u00e9 de transparence ou bien en leur appliquant des couleurs ou des textures. Ils peuvent \u00e9galement dessiner directement sur la sc\u00e8ne r\u00e9elle, ou l\u2019annoter et ainsi cr\u00e9er des collages entre des \u00e9l\u00e9ments r\u00e9els et virtuels. <a href=\"https:\/\/ipcity.eu\/wp-content\/uploads\/2008\/10\/tent-2.png\"><img loading=\"lazy\" decoding=\"async\" class=\"alignnone size-medium wp-image-251\" title=\"tent-2\" src=\"https:\/\/ipcity.eu\/wp-content\/uploads\/2008\/10\/tent-2-300x200.png\" alt=\"\" width=\"300\" height=\"200\" srcset=\"https:\/\/ipcity.eu\/wp-content\/uploads\/2008\/10\/tent-2-300x200.png 300w, https:\/\/ipcity.eu\/wp-content\/uploads\/2008\/10\/tent-2.png 354w\" sizes=\"(max-width: 300px) 100vw, 300px\" \/><\/a><\/li>\n<li>Le CityWall (<a href=\"http:\/\/www.citywall.org\">www.citywall.org<\/a>) est un grand \u00e9cran \u00ab multi-touches \u00bb qui agit comme une interface collaborative et ludique pour capter le paysage changeant de la ville. Le CityWall a \u00e9t\u00e9 con\u00e7u pour permettre la navigation entre diff\u00e9rents m\u00e9dias, notamment des photos et des vid\u00e9os qui peuvent \u00eatre rassembl\u00e9es en temps r\u00e9el \u00e0 partir de sources publiques telles que Flickr et YouTube. L\u2019utilisateur navigue en utilisant toute une s\u00e9rie de gestes intuitifs qui lui permettent de manipuler les images comme s\u2019il s\u2019agissait d\u2019objets r\u00e9els : il peut les r\u00e9duire, les agrandir, op\u00e9rer des rotations, les classer diff\u00e9remment, par date de chargement par exemple. Plusieurs personnes peuvent utiliser l\u2019\u00e9cran en m\u00eame temps. Son installation pendant huit jours en \u00e9t\u00e9 2007 dans le centre\u00a0 d\u2019Helsinki a permis d\u2019observer et d\u2019analyser le comportement de 1199 personnes : jeu p\u00e9dagogique entre certains utilisateurs et les autres, aspects ludique, \u00e9change actif de certains et observation passive d\u2019autres, etc.<\/li>\n<\/ol>\n<p><strong>CONTRIBUTORS<\/strong><\/p>\n<p><strong>Technical University of Vienna<\/strong><\/p>\n<ul>\n<li>Ina Wagner, Lisa Ehrenstrasser, Gammon, Michal<br \/>\nIdziorek, Val\u00e9rie Maquil, Mira Wagner<\/li>\n<\/ul>\n<p><strong>Helsinki University of Technology<\/strong><\/p>\n<ul>\n<li>Ann Morrison, Jari Kleimola, Rodolfo Samperio, Peter<br \/>\nPeltonen, Giulio Jacucci<\/li>\n<li>Tommi Ilmonen (<a href=\"mailto:tommi@multitou.ch\">tommi@multitou.ch<\/a>)<\/li>\n<\/ul>\n<p><strong>Graz University of Technology<\/strong><\/p>\n<ul>\n<li>Dieter Schmalstieg and Markus Sarelka<\/li>\n<\/ul>\n<p><strong>Universit\u00e9 Paris-Est, Equipe LTMU<\/strong><\/p>\n<ul>\n<li>Jean-Jacques Terrin, Burcu Ozdirlik, Maria Basile,<br \/>\nSevasti Vardouli<\/li>\n<\/ul>\n<p><strong>University of Applied Arts Vienna<\/strong><\/p>\n<ul>\n<li>Andrea B\u00f6rner, Reiner Zettl<\/li>\n<\/ul>\n","protected":false},"excerpt":{"rendered":"<p>Le projet IPCity Le projet IPCity (www.ipcity.eu) consiste \u00e0 explorer les conditions dans lesquelles les techniques de r\u00e9alit\u00e9 mixte peuvent s\u2019inscrire dans des environnements urbains. Un des aspects de la mise en \u0153uvre de ces techniques est de faciliter la participation et la communication entre les acteurs d\u2019un m\u00eame projet ou d\u2019un m\u00eame \u00e9v\u00e8nement : [&hellip;]<\/p>\n","protected":false},"author":3,"featured_media":0,"parent":0,"menu_order":99,"comment_status":"closed","ping_status":"closed","template":"ecs.php","meta":{"footnotes":""},"class_list":["post-249","page","type-page","status-publish","hentry"],"_links":{"self":[{"href":"https:\/\/ipcity.eu\/index.php?rest_route=\/wp\/v2\/pages\/249"}],"collection":[{"href":"https:\/\/ipcity.eu\/index.php?rest_route=\/wp\/v2\/pages"}],"about":[{"href":"https:\/\/ipcity.eu\/index.php?rest_route=\/wp\/v2\/types\/page"}],"author":[{"embeddable":true,"href":"https:\/\/ipcity.eu\/index.php?rest_route=\/wp\/v2\/users\/3"}],"replies":[{"embeddable":true,"href":"https:\/\/ipcity.eu\/index.php?rest_route=%2Fwp%2Fv2%2Fcomments&post=249"}],"version-history":[{"count":0,"href":"https:\/\/ipcity.eu\/index.php?rest_route=\/wp\/v2\/pages\/249\/revisions"}],"wp:attachment":[{"href":"https:\/\/ipcity.eu\/index.php?rest_route=%2Fwp%2Fv2%2Fmedia&parent=249"}],"curies":[{"name":"wp","href":"https:\/\/api.w.org\/{rel}","templated":true}]}}